igit of t?
9
Let m(l) be the first derivative of l**4/4 - 17*l**3/3 - 6*l**2 - l + 17. What is the tens digit of m(18)?
0
Let c(n) = 1 + 4*n - 3*n + 5 - 2*n. Let h be c(4). Suppose p - h*p + 16 = 0. What is the units digit of p?
6
Suppose 2*k = -3*u + 478, u - 159 = -k - 0*k. Suppose -3*c + 0*c = 0, 5*m - 2*c = -u. What is the units digit of (-141)/(-2) - (-16)/m?
0
Let t(v) = 19*v**2 + 16*v + 18. What is the hundreds digit of t(-6)?
6
What is the tens digit of (-1236)/(-6) + (-3 - -1)?
0
Suppose -346 = 2*s + 4*z, 0*s + 2*z = -3*s - 515. What is the units digit of (-1064)/s + (-2)/9?
6
What is the units digit of (-12 + 408/36)/((-2)/12324)?
8
Let l be ((-10)/(-4) + 0)*4. Let z(k) = 5 - 6*k**2 + k**3 - 6*k**2 + k**2 + k**2 - l*k. What is the units digit of z(11)?
6
Suppose 0 = -2*r - 56 + 1150. What is the tens digit of r?
4
What is the tens digit of (-3 - 5)/2*-8?
3
Let w(v) = -58*v - 39. What is the tens digit of w(-4)?
9
Suppose 1800 = -16*a + 22*a. What is the tens digit of a?
0
Let p be 30/(-4)*20/(-30). Suppose 1 + 14 = p*x. Suppose 19 - 7 = -4*o, x*t - 165 = 3*o. What is the tens digit of t?
5
Let j(k) = -k**2 + 18*k - 4. Let n be j(15). Let x = n - 35. What is the units digit of x?
6
Let q = 6 + -21. What is the tens digit of ((-3)/(q/(-2)))/((-3)/150)?
2
Suppose -2*a = 2*a + 4*z - 4, -3*z - 1 = a. Suppose -7*l + a*l - 2*s + 544 = 0, 5*l - s - 553 = 0. What is the tens digit of l?
1
Suppose -4*k + 3*y + 2 = 0, 15 = 5*k + 4*y - 3. Suppose 3*w - 332 = -5*t, 0 = -2*t + 4*t - k*w - 136. What is the tens digit of t?
6
Suppose 2 = 2*k - 2. Suppose 27 = k*n + 3*l, n - 3*l = l - 3. Suppose -n = -5*b + 11. What is the units digit of b?
4
Suppose 0 = h - 0*h - 1, h - 1168 = -3*k. What is the hundreds digit of k?
3
Suppose 0 = -d + 4*v - 985, -3*d + v - 2339 = 638. Let u be 8/28 + d/21. Let m = u + 77. What is the tens digit of m?
3
Suppose 40*u + 1922 = 43*u + s, 0 = 3*u + 3*s - 1914. What is the tens digit of u?
4
Suppose -838 = 6*s - 148. Let g = -80 - s. What is the tens digit of g?
3
Let g = 22 - 21. Let x = -39 + g. Let p = 71 + x. What is the tens digit of p?
3
Let g = 857 - -53. What is the units digit of g?
0
Let h be (18 + (-6)/2)*36/(-15). What is the units digit of (1 - 3)*(-20 + h)?
2
What is the hundreds digit of (-1004)/((42/(-90))/7*6)?
5
What is the tens digit of 66/(((-8)/14)/(-4))?
6
Suppose 50*x + 26212 = 70512. What is the tens digit of x?
8
Suppose -3*l = w + 23, 5*l - 4*w + 42 = -2*w. Let h be -2 + 6 + 12*(-6)/12. What is the tens digit of (-1)/((l/h)/(-52))?
1
Let w(o) = 8*o - 8. Let t be w(3). Let s = -2 + t. What is the units digit of s?
4
Let p be 6/7*35/(-5). Let y(k) = -k**2 + 12*k - 7. Let q be y(14). Let u = p - q. What is the units digit of u?
9
Suppose 2*m + 4 = 0, -5*m - 25 = -5*n - 0*m. Suppose 0 = -263*g + 264*g - 2. Suppose n*v + v + 168 = 4*q, 0 = -g*v - 6. What is the units digit of q?
9
Let d(k) = k**3 + 23*k**2 + 4*k - 50. What is the units digit of d(-22)?
6
Let i(s) be the third derivative of -s**5/20 + s**4/12 - 5*s**3/6 - 2*s**2. Let f be i(3). Let d = -13 - f. What is the tens digit of d?
1
Let n be (218/6)/(3/9). Let r = -70 + n. Suppose 2*p - d = -2*p + 81, -2*p - d = -r. What is the tens digit of p?
2
What is the tens digit of (-5 - -4) + 9 - -1041?
4
Suppose 4*u - 1845 + 569 = 0. What is the hundreds digit of u?
3
Let k be 9 + -5 - 6*1. Let a be -15*(k/3)/2. Suppose -a*r + 210 - 10 = 0. What is the tens digit of r?
4
Suppose -3*v - 1071 + 3636 = 0. What is the units digit of v?
5
Suppose -5*i = 2*l - 4835, -4*i - 5*l = -6098 + 2247. What is the units digit of i?
9
Let m(y) be the third derivative of 17*y**4/12 + y**3/3 - 11*y**2. What is the tens digit of m(2)?
7
Suppose -26 = 4*o - 850. What is the tens digit of o?
0
Let i be (-16)/(-6)*(-9)/(-6). Suppose -i*n + 12 = 0, -3*n - 213 = 3*r - 6*r. What is the units digit of r?
4
Suppose 8552 = 26*p - 22*p. What is the tens digit of p?
3
Suppose -93 = -8*o + 7*o. Let b = o - -2. Suppose -5*s + 5*v = -110, 0*v - b = -5*s + 2*v. What is the tens digit of s?
1
Let l = -27 - -32. What is the units digit of (l/((-15)/17))/(2/(-30))?
5
Suppose 4*q - 2608 = -4*x, 0 = 3*q + 16 - 1. What is the units digit of x?
7
Suppose -10 = -2*a - n, -4*a + n = -2*a - 10. Let d(r) = 13*r - 16. What is the units digit of d(a)?
9
Let i = 1541 + -337. What is the tens digit of i?
0
Let f(w) = 5*w - 25. Let c(n) = 6*n - 25. Let v(x) = 4*c(x) - 5*f(x). Let d be v(0). Let y = d + -14. What is the units digit of y?
1
Suppose 49*d + 10*d = 5782. What is the units digit of d?
8
Suppose -2*b + 4 + 5 = -v, 2*v - 6 = -2*b. Suppose -b*s - 2*o = 2, -5*s = -5*o - 6 - 14. Let z(y) = 13*y**3 - 1. What is the units digit of z(s)?
2
Let w = 779 - 521. What is the units digit of w?
8
What is the units digit of 81 + (3 - 2 - -3)?
5
What is the units digit of ((-2319)/(-2))/(7 - (-44)/(-8))?
3
Let p(s) = -2206*s + 9. What is the hundreds digit of p(-1)?
2
Suppose 0 = 5*o - 5*t - 30, 4*t + 3 = -o - 6. Let h be (-1)/o - (-7852)/39. Suppose 4*p = p + h. What is the tens digit of p?
6
Let b be ((-52)/39)/(2/30). Let p(x) = 7*x - 5. Let f be p(-8). Let s = b - f. What is the tens digit of s?
4
Let t(l) = 66*l + 27. Let y be t(11). Suppose -5*z + y = -2*c - 58, z - 3*c = 170. What is the units digit of z?
1
Suppose 140*a - 139*a = 3. What is the hundreds digit of (-8)/a*35/2*-3?
1
Let o(n) = 0 - 2*n + n + n**2 + 6 - 6*n. Let d be o(4). What is the tens digit of ((-8)/d)/((-5)/(-90))?
2
Suppose 8*w + 7*w = 18*w. Suppose -5*d + 364 - 84 = w. What is the units digit of d?
6
Suppose 2*s - i - 882 = 430, -2*s + 1324 = 5*i. What is the units digit of s?
7
Let g = -127 - -104. Let n = g + 162. What is the tens digit of n?
3
Let u(x) = -x**3 - 22*x**2 - 98*x + 7. What is the thousands digit of u(-21)?
1
What is the hundreds digit of ((-5)/3)/(41/(-33333))?
3
Suppose 0*d + 5*d + 20 = 0, 5*a - 2*d - 553 = 0. Let i = -67 + a. What is the units digit of i?
2
What is the hundreds digit of (1 - (-3093 + 1))/(60/60)?
0
Suppose -q - 13 = -11*p + 7*p, -2*p = -2*q - 2. Suppose -2*s = -q*z + 149, -2*s = -z - 0*z + 55. What is the tens digit of z?
4
Let f(z) = z**3 - 9*z**2 + z + 1. Suppose -3*b - c = -107, 3*b = 7*b - c - 145. Suppose 18 = 2*w + 2*i - 3*i, 4*w - b = -5*i. What is the units digit of f(w)?
0
Let z = 26 - -1. Suppose -z*u = -23*u - 40. What is the units digit of u?
0
What is the tens digit of ((-4)/3)/((-1)/279)?
7
Let p(j) be the first derivative of j**5/5 + j**4/6 + j**3/6 - j**2/2 - 5*j - 1. Let u(i) be the first derivative of p(i). What is the tens digit of u(2)?
4
Let u(z) = -10 + 4 + 5 + 81*z + 2. Let t be u(1). Suppose 4*b = 2*b + 2*x + 32, -5*b + 4*x = -t. What is the tens digit of b?
1
Let h be (8/6)/(68/(-24) - -3). Let q(i) = 4*i - 1 - 3*i + 0. What is the units digit of q(h)?
7
Suppose -p + 3*k + 1903 = 0, 32*k + 9489 = 5*p + 30*k. What is the tens digit of p?
9
Suppose 7*s - 3792 = 3481. What is the tens digit of s?
3
Let b = 2201 + -702. What is the tens digit of b?
9
Suppose 0 = 14*n - 16605 - 8735. What is the thousands digit of n?
1
Suppose -4*p - 8 = -8*p. Let m be 2 + (1 - 1) - p. Suppose 5*s - 125 = -m*s. What is the units digit of s?
5
Let l(v) = -11*v - 54. What is the tens digit of l(-14)?
0
Suppose 5*w + 8 = w, -w = -3*x - 7. Let j = x + 6. What is the units digit of j?
3
Suppose 3*r - 9*r = 258. Let l = 69 + r. What is the tens digit of l?
2
Let h = 173 - -254. What is the hundreds digit of h?
4
What is the tens digit of (18/(-3 + 2))/(3/(-70))?
2
Suppose -6 = 10*m - 86. Suppose -m*g = -250 - 390. What is the units digit of g?
0
Let l(n) = 6*n + 42. Let q be l(-7). Let p be 2/(-5) + 307/5. Suppose q = 5*y + p - 206. What is the units digit of y?
9
Let n(z) be the second derivative of -z**5/20 - z**4/2 - 4*z**2 + 5*z. Let a be n(-6). Let q = a - -18. What is the units digit of q?
0
Let b be (-8 + 1)/((-1)/4). Suppose 5*q - 35 = -4*g + 131, -q = -4*g - 14. Suppose -6*v + v - 3*c = -q, b = 2*v - 2*c. What is the units digit of v?
9
Suppose w - 3 = 2. Suppose -3*n + 4*x + 346 + 22 = 0, 0 = -3*n + x + 362. Suppose -a = 4*t - w*a - n, 3*a = -t + 46. What is the tens digit of t?
3
Suppose 17 = 3*r - 22. Let h(c) = -c**3 + 17*c**2 - 31*c - 9. What is the hundreds digit of h(r)?
2
Let 